 2542 is divided by 68?
26
What is the remainder when 5482 is divided by 26?
22
Calculate the remainder when 566458 is divided by 94398.
70
Calculate the remainder when 748586 is divided by 30.
26
Calculate the remainder when 17094 is divided by 492.
366
What is the remainder when 31917 is divided by 78?
15
What is the remainder when 30463 is divided by 30448?
15
Calculate the remainder when 13410 is divided by 19.
15
Calculate the remainder when 46113 is divided by 63.
60
Calculate the remainder when 3466 is divided by 14.
8
What is the remainder when 33497 is divided by 23?
9
What is the remainder when 583103 is divided by 914?
885
What is the remainder when 4805 is divided by 14?
3
What is the remainder when 838 is divided by 3?
1
What is the remainder when 76687 is divided by 9584?
15
What is the remainder when 7448 is divided by 21?
14
What is the remainder when 11843 is divided by 89?
6
Calculate the remainder when 503177 is divided by 100632.
17
Calculate the remainder when 17170 is divided by 277.
273
Calculate the remainder when 176594 is divided by 965.
964
What is the remainder when 343968 is divided by 17?
7
Calculate the remainder when 23725 is divided by 113.
108
Calculate the remainder when 2674 is divided by 6.
4
What is the remainder when 31862 is divided by 14?
12
What is the remainder when 330947 is divided by 634?
633
Calculate the remainder when 7582 is divided by 96.
94
Calculate the remainder when 69712 is divided by 34847.
18
Calculate the remainder when 671 is divided by 416.
255
Calculate the remainder when 30740 is divided by 284.
68
What is the remainder when 297617 is divided by 1424?
1
Calculate the remainder when 12625 is divided by 118.
117
What is the remainder when 57407 is divided by 50?
7
What is the remainder when 12533 is divided by 196?
185
What is the remainder when 5563 is divided by 15?
13
What is the remainder when 32390 is divided by 4622?
36
Calculate the remainder when 90909 is divided by 54.
27
What is the remainder when 25573 is divided by 308?
9
What is the remainder when 1365 is divided by 79?
22
What is the remainder when 126592 is divided by 31645?
12
Calculate the remainder when 888 is divided by 666.
222
What is the remainder when 5183 is divided by 1215?
323
Calculate the remainder when 6990 is divided by 706.
636
Calculate the remainder when 79428 is divided by 39703.
22
Calculate the remainder when 1476 is divided by 503.
470
Calculate the remainder when 31802 is divided by 4.
2
What is the remainder when 53200 is divided by 122?
8
What is the remainder when 16591 is divided by 16?
15
What is the remainder when 31959 is divided by 22?
15
What is the remainder when 55521 is divided by 41?
7
Calculate the remainder when 68773 is divided by 2547.
4
What is the remainder when 364005 is divided by 181999?
7
Calculate the remainder when 3885402 is divided by 142.
140
Calculate the remainder when 129668 is divided by 195.
188
Calculate the remainder when 50823 is divided by 1460.
1183
What is the remainder when 454062 is divided by 15?
12
What is the remainder when 213960 is divided by 3960?
120
Calculate the remainder when 468065 is divided by 862.
861
What is the remainder when 17910 is divided by 8950?
10
Calculate the remainder when 204593 is divided by 204.
185
Calculate the remainder when 2726 is divided by 552.
518
What is the remainder when 4968285 is divided by 32?
29
Calculate the remainder when 104641 is divided by 22.
9
Calculate the remainder when 5925 is divided by 152.
149
What is the remainder when 131156 is divided by 32?
20
Calculate the remainder when 35445 is divided by 479.
478
What is the remainder when 816278 is divided by 449?
445
Calculate the remainder when 594511 is divided by 580.
11
Calculate the remainder when 757500 is divided by 805.
800
Calculate the remainder when 120573 is divided by 685.
13
What is the remainder when 2716 is divided by 197?
155
Calculate the remainder when 3389 is divided by 3387.
2
What is the remainder when 26160 is divided by 157?
98
Calculate the remainder when 138811 is divided by 38.
35
Calculate the remainder when 28431 is divided by 7092.
63
Calculate the remainder when 206089 is divided by 1321.
13
Calculate the remainder when 236 is divided by 35.
26
What is the remainder when 293592 is divided by 185?
182
Calculate the remainder when 332868 is divided by 210.
18
Calculate the remainder when 6371 is divided by 103.
88
What is the remainder when 93696 is divided by 3230?
26
Calculate the remainder when 3764 is divided by 480.
404
Calculate the remainder when 28317 is divided by 60.
57
Calculate the remainder when 5156 is divided by 1279.
40
Calculate the remainder when 102537 is divided by 177.
54
Calculate the remainder when 35477 is divided by 243.
242
What is the remainder when 364345 is divided by 18?
7
What is the remainder when 4498 is divided by 461?
349
What is the remainder when 1648 is divided by 543?
19
What is the remainder when 219249 is divided by 378?
9
What is the remainder when 945320 is divided by 23?
20
Calculate the remainder when 2137 is divided by 61.
2
Calculate the remainder when 60145 is divided by 20047.
4
What is the remainder when 167340 is divided by 7?
5
Calculate the remainder when 1271212 is divided by 567.
565
Calculate the remainder when 28730 is divided by 28712.
18
What is the remainder when 4419 is divided by 182?
51
Calculate the remainder when 14216 is divided by 69.
2
What is the remainder when 37341 is divided by 1383?
0
What is the remainder when 3389 is divided by 1073?
170
Calculate the remainder when 31006 is divided by 15.
1
Calculate the remainder when 2150 is divided by 536.
6
Calculate the remainder when 34467 is divided by 8590.
107
What is the remainder when 2884 is divided by 74?
72
What is the remainder when 3673 is divided by 1153?
214
Calculate the remainder when 796 is divided by 156.
16
What is the remainder when 356 is divided by 184?
172
What is the remainder when 69066 is divided by 7664?
90
What is the remainder when 9030 is divided by 260?
190
What is the remainder when 55100 is divided by 6118?
38
Calculate the remainder when 61786 is divided by 792.
10
What is the remainder when 310565 is divided by 271?
270
Calculate the remainder when 297974 is divided by 356.
2
Calculate the remainder when 12090 is divided by 357.
309
Calculate the remainder when 16563 is divided by 426.
375
Calculate the remainder when 5564 is divided by 121.
119
Calculate the remainder when 5830 is divided by 24.
22
Calculate the remainder when 14091 is divided by 8.
3
What is the remainder when 19050 is divided by 219?
216
Calculate the remainder when 779955 is divided by 370.
365
Calculate the remainder when 14492 is divided by 918.
722
Calculate the remainder when 2638 is divided by 370.
48
Calculate the remainder when 3769 is divided by 419.
417
Calculate the remainder when 12723 is divided by 182.
165
What is the remainder when 214430 is divided by 24?
14
What is the remainder when 22738 is divided by 549?
229
Calculate the remainder when 10827 is divided by 346.
101
Calculate the remainder when 288 is divided by 104.
80
Calculate the remainder when 16114 is divided by 39.
7
Calculate the remainder when 103306 is divided by 34433.
7
What is the remainder when 12170 is divided by 6?
2
Calculate the remainder when 5211 is divided by 3.
0
Calculate the remainder when 779139 is divided by 1630.
1629
Calculate the remainder when 6385 is divided by 556.
269
Calculate the remainder when 48759 is divided by 29.
10
What is the remainder when 16472 is divided by 2740?
32
Calculate the remainder when 2057 is divided by 396.
77
Calculate the remainder when 23993 is divided by 500.
493
What is the remainder when 1565297 is divided by 782639?
19
Calculate the remainder when 205727 is divided by 35.
32
Calculate the remainder when 16179 is divided by 1259.
1071
Calculate the remainder when 56069 is divided by 210.
209
Calculate the remainder when 9289 is divided by 87.
67
Calculate the remainder when 1228426 is divided by 218.
214
What is the remainder when 18366 is divided by 118?
76
Calculate the remainder when 260 is divided by 18.
8
Calculate the remainder when 23542 is divided by 109.
107
Calculate 